{"id":54,"date":"2024-04-01T13:05:20","date_gmt":"2024-04-01T13:05:20","guid":{"rendered":"https:\/\/www.blacksafir.fi\/?page_id=54"},"modified":"2024-04-08T17:53:17","modified_gmt":"2024-04-08T17:53:17","slug":"muut-magneettiterapiatuotteet","status":"publish","type":"page","link":"https:\/\/www.blacksafir.fi\/index.php\/muut-magneettiterapiatuotteet\/","title":{"rendered":"Muut magneettiterapiatuotteet"},"content":{"rendered":"\n<div class=\"wp-block-group is-nowrap is-layout-flex wp-container-core-group-is-layout-1 wp-block-group-is-layout-flex\">\n<figure class=\"wp-block-image size-large is-resized\"><img loading=\"lazy\" decoding=\"async\" width=\"768\" height=\"1024\" src=\"https:\/\/www.blacksafir.fi\/wp-content\/uploads\/2024\/04\/Magneettinenistuinalusta-768x1024.jpg\" alt=\"\" class=\"wp-image-174\" style=\"width:500px\" srcset=\"https:\/\/www.blacksafir.fi\/wp-content\/uploads\/2024\/04\/Magneettinenistuinalusta-768x1024.jpg 768w, https:\/\/www.blacksafir.fi\/wp-content\/uploads\/2024\/04\/Magneettinenistuinalusta-225x300.jpg 225w, https:\/\/www.blacksafir.fi\/wp-content\/uploads\/2024\/04\/Magneettinenistuinalusta-1152x1536.jpg 1152w, https:\/\/www.blacksafir.fi\/wp-content\/uploads\/2024\/04\/Magneettinenistuinalusta-1536x2048.jpg 1536w, https:\/\/www.blacksafir.fi\/wp-content\/uploads\/2024\/04\/Magneettinenistuinalusta.jpg 1800w\" sizes=\"(max-width: 768px) 100vw, 768px\" \/><\/figure>\n\n\n\n<figure class=\"wp-block-image size-full is-resized\"><img loading=\"lazy\" decoding=\"async\" width=\"392\" height=\"471\" src=\"https:\/\/www.blacksafir.fi\/wp-content\/uploads\/2024\/04\/Magneettinenistuinalusta-magneetit.jpg\" alt=\"\" class=\"wp-image-196\" style=\"width:500px\" srcset=\"https:\/\/www.blacksafir.fi\/wp-content\/uploads\/2024\/04\/Magneettinenistuinalusta-magneetit.jpg 392w, https:\/\/www.blacksafir.fi\/wp-content\/uploads\/2024\/04\/Magneettinenistuinalusta-magneetit-250x300.jpg 250w\" sizes=\"(max-width: 392px) 100vw, 392px\" \/><\/figure>\n\n\n\n<figure class=\"wp-block-image size-full is-resized\"><img loading=\"lazy\" decoding=\"async\" width=\"1800\" height=\"2400\" src=\"https:\/\/www.blacksafir.fi\/wp-content\/uploads\/2024\/04\/Magneettinenistuinalusta-pakkauksessa.jpg\" alt=\"\" class=\"wp-image-197\" style=\"width:500px\" srcset=\"https:\/\/www.blacksafir.fi\/wp-content\/uploads\/2024\/04\/Magneettinenistuinalusta-pakkauksessa.jpg 1800w, https:\/\/www.blacksafir.fi\/wp-content\/uploads\/2024\/04\/Magneettinenistuinalusta-pakkauksessa-225x300.jpg 225w, https:\/\/www.blacksafir.fi\/wp-content\/uploads\/2024\/04\/Magneettinenistuinalusta-pakkauksessa-768x1024.jpg 768w, https:\/\/www.blacksafir.fi\/wp-content\/uploads\/2024\/04\/Magneettinenistuinalusta-pakkauksessa-1152x1536.jpg 1152w, https:\/\/www.blacksafir.fi\/wp-content\/uploads\/2024\/04\/Magneettinenistuinalusta-pakkauksessa-1536x2048.jpg 1536w\" sizes=\"(max-width: 1800px) 100vw, 1800px\" \/><\/figure>\n<\/div>\n\n\n\n<p class=\"has-text-align-center\"><strong>Black Safir<\/strong> <strong>Magneettinen istuinalusta<\/strong><\/p>\n\n\n\n<p><strong>Koe Muutos Black Safirin Magneettisella Istuinalustalla!<\/strong><\/p>\n\n\n\n<p>Vapauta itsesi selk\u00e4kivuista ja puutumisesta Black Safirin magneettisen istuinalustan avulla. Suunniteltu erityisesti sinulle, joka viet\u00e4t paljon aikaa istuen \u2013 olitpa sitten toimistossa, kotona, tai pitkill\u00e4 ajomatkoilla.<\/p>\n\n\n\n<p>T\u00e4m\u00e4 45&#215;33 cm alusta sis\u00e4lt\u00e4\u00e4 18 tehokasta 1000 Gaussin magneettia strategisesti sijoitettuna tarjoamaan maksimaalista hy\u00f6ty\u00e4. 4 magneettia jalkojen alla ja 14 selk\u00e4osassa takaavat, ett\u00e4 jokainen istumahetkesi muuttuu energisoivaksi ja kivuttomaksi kokemukseksi.<\/p>\n\n\n\n<p><em>Suomalainen innovaatio<\/em> \u2013 kehitetty yhteisty\u00f6ss\u00e4 alan asiantuntijoiden kanssa, Black Safir tarjoaa ratkaisun yli miljoonalle suomalaiselle, jotka k\u00e4rsiv\u00e4t istumaty\u00f6n, pitkien automatkojen ja muun paikallaanolon aiheuttamista vaivoista.<\/p>\n\n\n\n<p><strong>Hy\u00f6dyt:<\/strong><\/p>\n\n\n\n<ul>\n<li>Parantaa verenkiertoa ja lymfakiertoa<\/li>\n\n\n\n<li>V\u00e4hent\u00e4\u00e4 selk\u00e4kipuja ja puutumista<\/li>\n\n\n\n<li>Lis\u00e4\u00e4 keskittymiskyky\u00e4 ja v\u00e4hent\u00e4\u00e4 v\u00e4symyst\u00e4<\/li>\n\n\n\n<li>Ei k\u00e4ytt\u00f6rajoituksia \u2013 turvallinen ja helppok\u00e4ytt\u00f6inen 24\/7<\/li>\n<\/ul>\n\n\n\n<p>K\u00e4ytt\u00f6kohteet ovat monipuoliset: toimistoty\u00f6ntekij\u00f6ist\u00e4 ja opiskelijoista aina ammattikuljettajiin ja kotik\u00e4ytt\u00f6\u00f6n. Black Safir on t\u00e4ydellinen lis\u00e4 p\u00e4ivitt\u00e4iseen el\u00e4m\u00e4\u00e4si, tarjoten paitsi v\u00e4lit\u00f6nt\u00e4 helpotusta my\u00f6s pitk\u00e4aikaisia terveyshy\u00f6tyj\u00e4.<\/p>\n\n\n\n<p><strong>Tilaa nyt ja koe ero!<\/strong> Erinomainen lahjaidea kaikille, jotka kaipaavat lis\u00e4mukavuutta istumiseensa. Huomioithan: Ei suositella raskaana oleville, syd\u00e4mentahdistimen tai keinonivelen k\u00e4ytt\u00e4jille.<\/p>\n\n\n\n<p><em>Tuote kehitetty Suomessa \u2013 tue kotimaista innovaatiota ja paranna istumismukavuuttasi jo t\u00e4n\u00e4\u00e4n!<\/em><\/p>\n\n\n\n<p>(Tuoli ei sis\u00e4lly hintaan.)<\/p>\n\n\n\n<figure class=\"wp-block-image size-large is-resized\"><img loading=\"lazy\" decoding=\"async\" width=\"768\" height=\"1024\" src=\"https:\/\/www.blacksafir.fi\/wp-content\/uploads\/2024\/04\/MagneettinenTyynynalusta-768x1024.jpg\" alt=\"\" class=\"wp-image-177\" style=\"width:1280px;height:auto\" srcset=\"https:\/\/www.blacksafir.fi\/wp-content\/uploads\/2024\/04\/MagneettinenTyynynalusta-768x1024.jpg 768w, https:\/\/www.blacksafir.fi\/wp-content\/uploads\/2024\/04\/MagneettinenTyynynalusta-225x300.jpg 225w, https:\/\/www.blacksafir.fi\/wp-content\/uploads\/2024\/04\/MagneettinenTyynynalusta-1152x1536.jpg 1152w, https:\/\/www.blacksafir.fi\/wp-content\/uploads\/2024\/04\/MagneettinenTyynynalusta-1536x2048.jpg 1536w, https:\/\/www.blacksafir.fi\/wp-content\/uploads\/2024\/04\/MagneettinenTyynynalusta.jpg 1800w\" sizes=\"(max-width: 768px) 100vw, 768px\" \/><\/figure>\n\n\n\n<p class=\"has-text-align-center\"><strong>Black Safir Magneettinen Tyynynalusta<\/strong><\/p>\n\n\n\n<p><strong><br>Koe Uusi Taso Y\u00f6unessa Black Safir Magneettisella Tyynynalustalla!<\/strong><\/p>\n\n\n\n<p>Univaikeudet vaivaavat yli miljoonaa suomalaista, mutta nyt voit k\u00e4\u00e4nt\u00e4\u00e4 uuden sivun unihistoriassasi Black Safir magneettisen tyynynalustan avulla. T\u00e4m\u00e4 ainutlaatuinen tuote tarjoaa tehokkaan avun unih\u00e4iri\u00f6ihin, p\u00e4\u00e4ns\u00e4rkyyn, huimaukseen ja tinnitukseen. Lis\u00e4ksi monet ovat kokeneet helpotusta hartia- ja niskaj\u00e4nnitykseen sek\u00e4 y\u00f6lliseen liikapurentaan, kiitos tuotteen lihaksia rentouttavan vaikutuksen.<\/p>\n\n\n\n<p>Astmaatikot huomaavat eron: keuhkojen avautumisen ja lis\u00e4\u00e4ntyneen kapasiteetin jo viikon k\u00e4yt\u00f6n j\u00e4lkeen. Lis\u00e4ksi magneettinen tyynynalusta tukee sel\u00e4n, lonkan, reiden ja muiden raajojen hyvinvointia, olipa kyseess\u00e4 pitk\u00e4t ajomatkat tai p\u00e4ivitt\u00e4inen toimistoty\u00f6. Tuote on suunniteltu k\u00e4ytett\u00e4v\u00e4ksi tyynyn ja tyynyliinan v\u00e4liss\u00e4 tai lakanan ja patjan v\u00e4liss\u00e4, pysyen hyvin paikoillaan koko y\u00f6n.<\/p>\n\n\n\n<p>Valmistettu korkealaatuisesta 40 % puuvillaa ja 60 % polyesteri\u00e4 sis\u00e4lt\u00e4v\u00e4st\u00e4 kankaasta, magneettinen tyynynalusta (45 x 33 cm) sis\u00e4lt\u00e4\u00e4 40 kappaletta 1000 Gaussin voimakkuuden magneetteja, jotka on sijoitettu optimaaliseen rentoutumiseen ja terveyshy\u00f6tyihin. Huomioithan, ett\u00e4 p\u00e4\u00e4n alueella tuotetta suositellaan k\u00e4ytett\u00e4v\u00e4ksi 8-10 tuntia vuorokaudessa.<\/p>\n\n\n\n<p><strong>T\u00e4rke\u00e4 huomio:<\/strong> Tuote ei sovi raskaana oleville tai henkil\u00f6ille, joilla on syd\u00e4mentahdistin tai keinonivel.<\/p>\n\n\n\n<p><strong>Lis\u00e4\u00e4 Voimaa ja El\u00e4m\u00e4nlaatua Joka Y\u00f6h\u00f6n!<\/strong><\/p>\n\n\n\n<p>Black Safir magneettinen tyynynalusta on enemm\u00e4n kuin vain y\u00f6unen parantaja; se on investointi p\u00e4ivitt\u00e4iseen hyvinvointiisi ja aktiivisuuteesi. Unohda unettomat y\u00f6t ja her\u00e4\u00e4 joka aamu virke\u00e4n\u00e4 ja valmiina uuteen p\u00e4iv\u00e4\u00e4n. Tilaa omasi nyt ja aloita matkasi kohti parempaa unta ja terveytt\u00e4!<\/p>\n\n\n\n<figure class=\"wp-block-image size-large is-resized\"><img loading=\"lazy\" decoding=\"async\" width=\"768\" height=\"1024\" src=\"https:\/\/www.blacksafir.fi\/wp-content\/uploads\/2024\/04\/MagneettimaskiUnimaski-768x1024.jpg\" alt=\"\" class=\"wp-image-181\" style=\"width:1280px;height:auto\" srcset=\"https:\/\/www.blacksafir.fi\/wp-content\/uploads\/2024\/04\/MagneettimaskiUnimaski-768x1024.jpg 768w, https:\/\/www.blacksafir.fi\/wp-content\/uploads\/2024\/04\/MagneettimaskiUnimaski-225x300.jpg 225w, https:\/\/www.blacksafir.fi\/wp-content\/uploads\/2024\/04\/MagneettimaskiUnimaski-1152x1536.jpg 1152w, https:\/\/www.blacksafir.fi\/wp-content\/uploads\/2024\/04\/MagneettimaskiUnimaski-1536x2048.jpg 1536w, https:\/\/www.blacksafir.fi\/wp-content\/uploads\/2024\/04\/MagneettimaskiUnimaski.jpg 1800w\" sizes=\"(max-width: 768px) 100vw, 768px\" \/><\/figure>\n\n\n\n<p class=\"has-text-align-center\"><strong>Black Safir Magneettinen Pro Silm\u00e4maski<\/strong><\/p>\n\n\n\n<p><strong>Nauti kauniista unista Black Safir Magneettimaskilla \u2013 Unimaskilla, joka vie stressin tuomat p\u00e4\u00e4kivut menness\u00e4\u00e4n!<\/strong><\/p>\n\n\n\n<p>Tervetuloa kokemaan uudenlainen y\u00f6uni Black Safirin uudistetun magneettimaskin avulla. Suunniteltu erityisesti sinulle, joka kaipaat rauhallista unta ilman kipuja ja vaivoja. Maski on varustettu 8 kappaleella voimakkaita magneetteja (jokainen 1100 Gaussin voimakkuudella), jotka on nyt kiinnitetty entist\u00e4kin k\u00e4ytt\u00e4j\u00e4yst\u00e4v\u00e4llisemm\u00e4ll\u00e4 tavalla.<\/p>\n\n\n\n<p>Suomessa suoritetut testit osoittavat, ett\u00e4 Black Safir Magneettimaski auttaa tehokkaasti:<\/p>\n\n\n\n<ul>\n<li>Lievitt\u00e4m\u00e4\u00e4n p\u00e4\u00e4ns\u00e4rky\u00e4 ja migreeni\u00e4<\/li>\n\n\n\n<li>Edist\u00e4m\u00e4\u00e4n rentoutumista ja nukahtamista<\/li>\n\n\n\n<li>V\u00e4hent\u00e4m\u00e4\u00e4n silmien turvotusta<\/li>\n\n\n\n<li>H\u00e4ivytt\u00e4m\u00e4\u00e4n silm\u00e4nymp\u00e4rysihon ihottumia<\/li>\n<\/ul>\n\n\n\n<p>Magneettimaskin s\u00e4\u00e4dett\u00e4v\u00e4 velcro-kiinnitys takaa t\u00e4ydellisen istuvuuden ja mukavuuden, pysyen paikoillaan koko y\u00f6n. K\u00e4yt\u00e4 maskia 8-10 tuntia vuorokaudessa optimaalisen hy\u00f6dyn saavuttamiseksi \u2013 pidemmiss\u00e4 jaksoissa lyhyemmiss\u00e4 eriss\u00e4, mutta emme suosittele ymp\u00e4rivuorokautista k\u00e4ytt\u00f6\u00e4.<\/p>\n\n\n\n<p><strong>Magneettien Voima Sinun Hyv\u00e4ksesi:<\/strong><\/p>\n\n\n\n<ul>\n<li>Parantaa verenkiertoa jopa 45 %<\/li>\n\n\n\n<li>Aktivoi lymfakierron<\/li>\n<\/ul>\n\n\n\n<p>N\u00e4m\u00e4 yhdess\u00e4 poistavat tehokkaasti turvotusta ja kipuja, tarjoten sinulle kauniita ja rauhallisia unia ilman vaivoja.<\/p>\n\n\n\n<p>Huomioithan, ett\u00e4 Black Safir Magneettimaski ei sovi raskaana oleville tai henkil\u00f6ille, joilla on syd\u00e4mentahdistin tai keinonivelet.<\/p>\n\n\n\n<p><strong>Ota ensimm\u00e4inen askel kohti parempaa unta ja hyvinvointia Black Safir Magneettimaskin avulla.<\/strong> Tilaa omasi nyt ja her\u00e4\u00e4 joka aamu virke\u00e4n\u00e4 ja lev\u00e4nneen\u00e4!<\/p>\n\n\n\n<figure class=\"wp-block-image size-large is-resized\"><img loading=\"lazy\" decoding=\"async\" width=\"768\" height=\"1024\" src=\"https:\/\/www.blacksafir.fi\/wp-content\/uploads\/2024\/04\/Bio-magneettinen-Energiarengas-miehille-768x1024.jpg\" alt=\"\" class=\"wp-image-186\" style=\"width:1280px;height:auto\" srcset=\"https:\/\/www.blacksafir.fi\/wp-content\/uploads\/2024\/04\/Bio-magneettinen-Energiarengas-miehille-768x1024.jpg 768w, https:\/\/www.blacksafir.fi\/wp-content\/uploads\/2024\/04\/Bio-magneettinen-Energiarengas-miehille-225x300.jpg 225w, https:\/\/www.blacksafir.fi\/wp-content\/uploads\/2024\/04\/Bio-magneettinen-Energiarengas-miehille-1152x1536.jpg 1152w, https:\/\/www.blacksafir.fi\/wp-content\/uploads\/2024\/04\/Bio-magneettinen-Energiarengas-miehille.jpg 1512w\" sizes=\"(max-width: 768px) 100vw, 768px\" \/><\/figure>\n\n\n\n<p class=\"has-text-align-center\"><strong>Black Safir Bio-magneettinen Energiarengas Miehille<\/strong><\/p>\n\n\n\n<p><strong>Uudista miehinen energiasi Bio-Magneettisella Energiarenkaalla<\/strong><\/p>\n\n\n\n<p>Tutustu uuden sukupolven ratkaisuun miesten hyvinvointiin \u2013 Bio-magneettinen Energiarengas. T\u00e4m\u00e4 innovatiivinen tuote yhdist\u00e4\u00e4 silikonin mukavuuden ja magneettisen ionisoivan teknologian voiman tarjoten 400-500 ionin energian boostin, mik\u00e4 tekee jokaisesta hetkest\u00e4 voimakkaamman ja t\u00e4ytt\u00e4v\u00e4mm\u00e4n.<\/p>\n\n\n\n<p><strong>Koe Ero:<\/strong><\/p>\n\n\n\n<ul>\n<li><strong>Kovempi Erektio:<\/strong> Parantaa nautintoasi ja kokemusta.<\/li>\n\n\n\n<li><strong>Lis\u00e4\u00e4 Kest\u00e4vyytt\u00e4:<\/strong> Venytett\u00e4v\u00e4 design takaa t\u00e4ydellisen istuvuuden, mahdollistaen pitk\u00e4kestoisemmat ja intensiivisemm\u00e4t hetket.<\/li>\n\n\n\n<li><strong>Ennenaikaisen Laukeamisen Ehk\u00e4isy:<\/strong> Auttaa hallitsemaan suoritustasi, antaen sinulle ja kumppanillesi enemm\u00e4n iloa.<\/li>\n\n\n\n<li><strong>Parannettu Verenkierto:<\/strong> Edist\u00e4\u00e4 verenkiertoa strategisesti sijoitettujen magneettien avulla, mik\u00e4 tekee jokaisesta hetkest\u00e4 el\u00e4v\u00e4isemm\u00e4n.<\/li>\n<\/ul>\n\n\n\n<p><strong>Monipuolinen ja K\u00e4yt\u00e4nn\u00f6llinen:<\/strong><\/p>\n\n\n\n<ul>\n<li>Voidaan k\u00e4ytt\u00e4\u00e4 yhdess\u00e4 kondomin kanssa lis\u00e4suojan ja -nautinnon takaamiseksi.<\/li>\n\n\n\n<li>Helppo puhdistaa ja valmis uudelleenk\u00e4ytt\u00f6\u00f6n \u2013 vain mieto saippuavesi tarvitaan.<\/li>\n\n\n\n<li>Saatavana kolmea kokoa, jotka on suunniteltu sopimaan juuri sinulle.<\/li>\n<\/ul>\n\n\n\n<p><strong>Valitse Oikea Koko:<\/strong><\/p>\n\n\n\n<ul>\n<li>M (\u00d8 3,5 cm), L (\u00d8 4,0 cm), XL (\u00d8 4,5 cm) \u2013 varmistaaksesi parhaan mahdollisen istuvuuden ja tehon.Vinkki: jos et ole varma oikeasta koosta, niin osta ensiksi L-koko. <\/li>\n<\/ul>\n\n\n\n<p>El\u00e4m\u00e4 on t\u00e4ynn\u00e4 mahdollisuuksia maksimaaliseen nautintoon ja suorituskykyyn \u2013 Bio-magneettinen Energiarengas on avain uuteen energiaan ja elinvoimaan. Ota se k\u00e4ytt\u00f6\u00f6n ja koe ero itse!<\/p>\n","protected":false},"excerpt":{"rendered":"<p>Black Safir Magneettinen istuinalusta Koe Muutos Black Safirin Magneettisella Istuinalustalla! Vapauta itsesi selk\u00e4kivuista ja puutumisesta Black Safirin magneettisen istuinalustan avulla. Suunniteltu erityisesti sinulle, joka viet\u00e4t paljon aikaa istuen \u2013 olitpa sitten toimistossa, kotona, tai pitkill\u00e4 ajomatkoilla. T\u00e4m\u00e4 45&#215;33 cm alusta sis\u00e4lt\u00e4\u00e4 18 tehokasta 1000 Gaussin magneettia strategisesti sijoitettuna tarjoamaan maksimaalista hy\u00f6ty\u00e4. 4 magneettia jalkojen alla [&hellip;]<\/p>\n","protected":false},"author":1,"featured_media":0,"parent":0,"menu_order":0,"comment_status":"closed","ping_status":"closed","template":"","meta":{"footnotes":""},"jetpack_sharing_enabled":true,"_links":{"self":[{"href":"https:\/\/www.blacksafir.fi\/index.php\/wp-json\/wp\/v2\/pages\/54"}],"collection":[{"href":"https:\/\/www.blacksafir.fi\/index.php\/wp-json\/wp\/v2\/pages"}],"about":[{"href":"https:\/\/www.blacksafir.fi\/index.php\/wp-json\/wp\/v2\/types\/page"}],"author":[{"embeddable":true,"href":"https:\/\/www.blacksafir.fi\/index.php\/wp-json\/wp\/v2\/users\/1"}],"replies":[{"embeddable":true,"href":"https:\/\/www.blacksafir.fi\/index.php\/wp-json\/wp\/v2\/comments?post=54"}],"version-history":[{"count":15,"href":"https:\/\/www.blacksafir.fi\/index.php\/wp-json\/wp\/v2\/pages\/54\/revisions"}],"predecessor-version":[{"id":216,"href":"https:\/\/www.blacksafir.fi\/index.php\/wp-json\/wp\/v2\/pages\/54\/revisions\/216"}],"wp:attachment":[{"href":"https:\/\/www.blacksafir.fi\/index.php\/wp-json\/wp\/v2\/media?parent=54"}],"curies":[{"name":"wp","href":"https:\/\/api.w.org\/{rel}","templated":true}]}}