{"id":205,"date":"2024-04-08T17:29:30","date_gmt":"2024-04-08T17:29:30","guid":{"rendered":"https:\/\/www.blacksafir.fi\/?page_id=205"},"modified":"2024-04-18T06:15:50","modified_gmt":"2024-04-18T06:15:50","slug":"magneettien-voima","status":"publish","type":"page","link":"https:\/\/www.blacksafir.fi\/index.php\/magneettien-voima\/","title":{"rendered":"Magneettien voima"},"content":{"rendered":"\n<p><strong>Koe magneettiterapian voima: v\u00e4hent\u00e4\u00e4 kipua, parantaa verenkiertoa ja nopeuttaa paranemista. Turvallinen ja helppok\u00e4ytt\u00f6inen vaihtoehto jokap\u00e4iv\u00e4iseen hyvinvointiisi!<\/strong><\/p>\n\n\n\n<p><strong>Magneettien vaikutusmekanismi kivun ja turvotuksen hoidossa:<\/strong><\/p>\n\n\n\n<ol>\n<li><strong>Kivunlievitys<\/strong>: Magneettiterapian on raportoitu v\u00e4hent\u00e4v\u00e4n erilaisia kiputiloja, kuten osteoartriitin aiheuttamaa kipua, kuukautiskipuja, CRPS (kompleksinen regionaalinen kipuoireyhtym\u00e4), karpaalitunnelisyndrooman aiheuttamaa kipua ja p\u00e4\u00e4ns\u00e4rkyj\u00e4\u200b (<a href=\"https:\/\/www.nccih.nih.gov\/health\/magnets-for-pain-what-you-need-to-know\" target=\"_blank\" rel=\"noreferrer noopener\">NCCIH<\/a>)\u200b\u200b (<a href=\"https:\/\/www.cmaj.ca\/content\/177\/7\/736\" target=\"_blank\" rel=\"noreferrer noopener\">CMAJ<\/a>)\u200b.<\/li>\n\n\n\n<li><strong>Ionikanavien toiminnan muuttaminen<\/strong>: Magneettikent\u00e4t vaikuttavat solujen ionikanaviin, jotka ovat vastuussa solujen s\u00e4hk\u00f6isest\u00e4 toiminnasta ja voivat vaikuttaa kivun v\u00e4litykseen. Muuttamalla ionikanavien toimintaa magneetit voivat v\u00e4hent\u00e4\u00e4 kipusignaalien v\u00e4littymist\u00e4 hermosoluissa.<\/li>\n\n\n\n<li><strong>Turvotuksen v\u00e4hent\u00e4minen<\/strong>: Joissakin tutkimuksissa on havaittu, ett\u00e4 magneettiterapia voi v\u00e4hent\u00e4\u00e4 turvotusta, erityisesti tulehduksen tai vamman j\u00e4lkeen\u200b (<a href=\"https:\/\/qmagnets.com\/scientific-evidence-for-magnetic-field-therapy\/\" target=\"_blank\" rel=\"noreferrer noopener\">Qmagnets<\/a>)\u200b.<\/li>\n\n\n\n<li><strong>Parannetut paranemisprosessit<\/strong>: Magneettikentill\u00e4 saattaa olla rooli kudosten paranemisprosessin nopeuttamisessa, vaikkakin todisteet ovat viel\u00e4 v\u00e4h\u00e4isi\u00e4.<\/li>\n\n\n\n<li><strong>Verenkierron parantuminen<\/strong>: Magneettikent\u00e4t voivat lis\u00e4t\u00e4 verenkiertoa hoidettavalla alueella, mik\u00e4 auttaa v\u00e4hent\u00e4m\u00e4\u00e4n turvotusta ja edist\u00e4m\u00e4\u00e4n kudosten paranemista. Parempi verenkierto voi my\u00f6s auttaa huuhtelemaan tulehduksen aiheuttajia ja kipua lis\u00e4\u00e4vi\u00e4 aineita kudoksista. Edist\u00e4\u00e4 kudosten hapensaantia ja ravinteiden saantia.<\/li>\n\n\n\n<li><strong>Tulehduksen v\u00e4hent\u00e4minen<\/strong>: Magneettiterapian on esitetty joissakin tutkimuksissa v\u00e4hent\u00e4v\u00e4n tulehdusta, mik\u00e4 voi auttaa lievitt\u00e4m\u00e4\u00e4n kipua ja edist\u00e4m\u00e4\u00e4n paranemista. Useissa tutkimuksissa on havaittu, ett\u00e4 magneettikent\u00e4t voivat v\u00e4hent\u00e4\u00e4 tulehdusta, mik\u00e4 on yksi kivun ja turvotuksen p\u00e4\u00e4aiheuttajista. T\u00e4m\u00e4 vaikutus saattaa liitty\u00e4 magneettikent\u00e4n kykyyn vaikuttaa tiettyihin tulehdusv\u00e4litt\u00e4j\u00e4aineisiin tai solujen tulehdusreaktioihin.<\/li>\n\n\n\n<li><strong>Hermoston toiminnan modulaatio<\/strong>: Magneettiterapia saattaa vaikuttaa hermoston toimintaan, kuten hermoimpulssien v\u00e4litykseen ja kipusignaalien v\u00e4hent\u00e4miseen.<\/li>\n\n\n\n<li><strong>Endorfiinien vapautuminen<\/strong>: Magneettikent\u00e4t voivat stimuloida endorfiinien, kehon luonnollisten kipul\u00e4\u00e4kkeiden, tuotantoa. Endorfiinien lis\u00e4\u00e4ntyminen voi auttaa lievitt\u00e4m\u00e4\u00e4n kipua luonnollisesti.<\/li>\n\n\n\n<li><strong>Kudosten hapenottokyvyn parantaminen<\/strong>: Magneettikenttien on havaittu parantavan kudosten kyky\u00e4 ottaa vastaan happea, mik\u00e4 voi edist\u00e4\u00e4 nopeampaa paranemista ja v\u00e4hent\u00e4\u00e4 kipua.<\/li>\n\n\n\n<li><strong>Lihasj\u00e4nnityksen lievitt\u00e4minen<\/strong>: Magneettikenttien on ehdotettu rentouttavan lihaksia ja v\u00e4hent\u00e4v\u00e4n lihasj\u00e4nnityst\u00e4, mik\u00e4 voi lievitt\u00e4\u00e4 kipua ja parantaa liikkuvuutta.<\/li>\n\n\n\n<li><strong>Unen laadun parantaminen<\/strong>: Tutkimukset viittaavat siihen, ett\u00e4 magneettiterapia voi auttaa parantamaan unen laatua.<\/li>\n<\/ol>\n\n\n\n<p><strong>Useissa tutkimuksissa on l\u00f6ydetty positiivisia tuloksia magneettiterapian k\u00e4yt\u00f6st\u00e4 eri oireiden hoidossa:<\/strong><\/p>\n\n\n\n<ol>\n<li><strong>Kompleksinen alueellinen kipuoireyhtym\u00e4 (CRPS)<\/strong>: Yhdess\u00e4 tutkimuksessa havaittiin, ett\u00e4 10 per\u00e4kk\u00e4isen p\u00e4iv\u00e4n PEMF-terapia (bio-elektromagneettisen energian s\u00e4\u00e4tely) v\u00e4hensi kipua ja paransi toimintaa CRPS-potilailla\u200b (<a href=\"https:\/\/www.nccih.nih.gov\/health\/magnets-for-pain-what-you-need-to-know\" target=\"_blank\" rel=\"noreferrer noopener\">NCCIH<\/a>)\u200b.<\/li>\n\n\n\n<li><strong>Kuukautiskipu<\/strong>: Tutkimuksessa, jossa verrattiin PEMF-terapiaa aerobiseen liikuntaan kuukautiskivuista k\u00e4rsivill\u00e4 nuorilla naisilla ja teini-ik\u00e4isill\u00e4, havaittiin, ett\u00e4 PEMF-terapia v\u00e4hensi merkitt\u00e4v\u00e4sti kipua verrattuna aerobiseen liikuntaan\u200b (<a href=\"https:\/\/www.nccih.nih.gov\/health\/magnets-for-pain-what-you-need-to-know\" target=\"_blank\" rel=\"noreferrer noopener\">NCCIH<\/a>)\u200b.<\/li>\n\n\n\n<li><strong>Nivelrikko<\/strong>: Taiwanissa tehdyn tutkimuksen mukaan magneettinen polvik\u00e4\u00e4re osoittautui tehokkaaksi ja turvalliseksi kivun ja toimintakyvyn parantamisessa polvinivelrikkoa sairastavilla potilailla. Tutkimuksessa havaittiin, ett\u00e4 magneettik\u00e4\u00e4reen k\u00e4ytt\u00f6 paransi merkitt\u00e4v\u00e4sti quadriceps-lihaksen voimaa\u200b (<a href=\"https:\/\/eorthopod.com\/news\/magnet-therapy-for-knee-osteoarthritis\/\" target=\"_blank\" rel=\"noreferrer noopener\">eOrthopod<\/a>)\u200b.<\/li>\n\n\n\n<li><strong>Post-polio -kipu<\/strong>: Vallbona ja kollegoiden suorittamassa tutkimuksessa havaittiin, ett\u00e4 staattisen magneettikent\u00e4n (300-500 Gauss) k\u00e4ytt\u00f6 kivun triggeripisteess\u00e4 tarjosi merkitt\u00e4v\u00e4\u00e4 ja nopeaa kivunlievityst\u00e4 post-polio -potilailla\u200b (<a href=\"https:\/\/qmagnets.com\/scientific-evidence-for-magnetic-field-therapy\/\" target=\"_blank\" rel=\"noreferrer noopener\">Qmagnets<\/a>)\u200b.<\/li>\n\n\n\n<li><strong>Ahdistus<\/strong>: W\u00fcrzburgin yliopistollisen sairaalan tutkijat havaitsivat, ett\u00e4 aivojen tietyn alueen magneettinen stimulointi ennen pelottavien tilanteiden kohtaamista kognitiivisen k\u00e4ytt\u00e4ytymisterapian yhteydess\u00e4 paransi ahdistuneisuush\u00e4iri\u00f6ist\u00e4 k\u00e4rsivien potilaiden kyky\u00e4 oppia pelkonsa pois. T\u00e4m\u00e4 osoittaa, ett\u00e4 magneettiterapialla voi olla positiivinen vaikutus my\u00f6s ahdistuksen hoidossa\u200b (<a href=\"https:\/\/www.ionloop.com\/blog\/magnet-therapy-and-the-positive-effect-on-anxiety\/\" target=\"_blank\" rel=\"noreferrer noopener\">IonLoop<\/a>)\u200b.<\/li>\n<\/ol>\n\n\n\n<p>On suositeltavaa keskustella terveydenhuollon ammattilaisen kanssa ennen magneettiterapian k\u00e4ytt\u00f6\u00e4, erityisesti jos on olemassa muita terveyteen liittyvi\u00e4 huolenaiheita tai k\u00e4yt\u00f6ss\u00e4 on l\u00e4\u00e4ketieteellisi\u00e4 laitteita, kuten syd\u00e4mentahdistin.<\/p>\n\n\n\n<p>Magneettiterapian k\u00e4yt\u00f6ss\u00e4 on joitakin vasta-aiheita, joita tulee harkita ennen hoidon aloittamista. N\u00e4m\u00e4 vasta-aiheet voivat vaihdella riippuen terapian tyypist\u00e4 (staattinen magneettiterapia vs. pulssittava s\u00e4hk\u00f6magneettinen kentt\u00e4, PEMF) ja k\u00e4ytetyn magneetin voimakkuudesta. Yleisi\u00e4 vasta-aiheita ovat:<\/p>\n\n\n\n<ol>\n<li><strong>Syd\u00e4mentahdistimet tai muut implantoidut elektroniset laitteet<\/strong>: Magneettikent\u00e4t voivat h\u00e4irit\u00e4 n\u00e4iden laitteiden toimintaa.<\/li>\n\n\n\n<li><strong>Insuliinipumput<\/strong>: Kuten syd\u00e4mentahdistimien kohdalla, magneettikent\u00e4t voivat vaikuttaa insuliinipumppujen toimintaan.<\/li>\n\n\n\n<li><strong>Raskaus<\/strong>: Vaikka magneettiterapian turvallisuudesta raskaana oleville ei ole vahvaa n\u00e4ytt\u00f6\u00e4, on suositeltavaa v\u00e4ltt\u00e4\u00e4 sen k\u00e4ytt\u00f6\u00e4 varotoimenpiteen\u00e4.<\/li>\n\n\n\n<li><strong>Metalliset implantit ja leikkaushakaset<\/strong>: Tietyntyyppiset metalliset implantit voivat reagoida magneettikenttien kanssa.<\/li>\n\n\n\n<li><strong>Tietyt sairaudet<\/strong>: Henkil\u00f6ill\u00e4, joilla on tietyt sairaudet tai tilat, kuten aktiiviset infektiot, sy\u00f6p\u00e4 tai tiettyjen l\u00e4\u00e4kkeiden k\u00e4ytt\u00f6, magneettiterapia voi olla vasta-aiheista. On t\u00e4rke\u00e4\u00e4 keskustella terveydenhuollon ammattilaisen kanssa ennen magneettiterapian aloittamista.<\/li>\n\n\n\n<li><strong>Haavojen ja tulehdusten hoito<\/strong>: Vaikka jotkut tutkimukset viittaavat magneettiterapian hy\u00f6tyihin, sen k\u00e4ytt\u00f6\u00e4 avohaavojen tai aktiivisten tulehdusten hoidossa tulee harkita varoen ja ammattilaisen valvonnassa.<\/li>\n<\/ol>\n\n\n\n<p>Lis\u00e4ksi, magneettien voimakkuus ja hoitoaika voivat vaikuttaa hoidon turvallisuuteen ja tehoon, joten n\u00e4m\u00e4 tekij\u00e4t tulee ottaa huomioon hoitosuunnitelmaa teht\u00e4ess\u00e4. On my\u00f6s t\u00e4rke\u00e4\u00e4 muistaa, ett\u00e4 magneettiterapian ei tulisi korvata perinteisi\u00e4 hoitomuotoja ilman terveydenhuollon ammattilaisen suositusta.<\/p>\n\n\n\n<p>Joissakin tapauksissa magneettiterapian k\u00e4ytt\u00f6 voi olla turvallista ja hy\u00f6dyllist\u00e4, mutta on t\u00e4rke\u00e4\u00e4 tunnistaa ja arvioida mahdolliset riskit ja haitat ennen sen k\u00e4ytt\u00f6\u00e4<\/p>\n","protected":false},"excerpt":{"rendered":"<p>Koe magneettiterapian voima: v\u00e4hent\u00e4\u00e4 kipua, parantaa verenkiertoa ja nopeuttaa paranemista. Turvallinen ja helppok\u00e4ytt\u00f6inen vaihtoehto jokap\u00e4iv\u00e4iseen hyvinvointiisi! Magneettien vaikutusmekanismi kivun ja turvotuksen hoidossa: Useissa tutkimuksissa on l\u00f6ydetty positiivisia tuloksia magneettiterapian k\u00e4yt\u00f6st\u00e4 eri oireiden hoidossa: On suositeltavaa keskustella terveydenhuollon ammattilaisen kanssa ennen magneettiterapian k\u00e4ytt\u00f6\u00e4, erityisesti jos on olemassa muita terveyteen liittyvi\u00e4 huolenaiheita tai k\u00e4yt\u00f6ss\u00e4 on l\u00e4\u00e4ketieteellisi\u00e4 laitteita, [&hellip;]<\/p>\n","protected":false},"author":1,"featured_media":0,"parent":0,"menu_order":0,"comment_status":"closed","ping_status":"closed","template":"","meta":{"footnotes":""},"jetpack_sharing_enabled":true,"_links":{"self":[{"href":"https:\/\/www.blacksafir.fi\/index.php\/wp-json\/wp\/v2\/pages\/205"}],"collection":[{"href":"https:\/\/www.blacksafir.fi\/index.php\/wp-json\/wp\/v2\/pages"}],"about":[{"href":"https:\/\/www.blacksafir.fi\/index.php\/wp-json\/wp\/v2\/types\/page"}],"author":[{"embeddable":true,"href":"https:\/\/www.blacksafir.fi\/index.php\/wp-json\/wp\/v2\/users\/1"}],"replies":[{"embeddable":true,"href":"https:\/\/www.blacksafir.fi\/index.php\/wp-json\/wp\/v2\/comments?post=205"}],"version-history":[{"count":4,"href":"https:\/\/www.blacksafir.fi\/index.php\/wp-json\/wp\/v2\/pages\/205\/revisions"}],"predecessor-version":[{"id":232,"href":"https:\/\/www.blacksafir.fi\/index.php\/wp-json\/wp\/v2\/pages\/205\/revisions\/232"}],"wp:attachment":[{"href":"https:\/\/www.blacksafir.fi\/index.php\/wp-json\/wp\/v2\/media?parent=205"}],"curies":[{"name":"wp","href":"https:\/\/api.w.org\/{rel}","templated":true}]}}